{"id":167,"date":"2022-03-10T16:17:39","date_gmt":"2022-03-10T16:17:39","guid":{"rendered":"http:\/\/www.bmxvttdardilly.com\/SITE2022\/?page_id=167"},"modified":"2023-01-31T09:37:49","modified_gmt":"2023-01-31T09:37:49","slug":"team-avenir","status":"publish","type":"page","link":"https:\/\/bmxvttdardilly.com\/SITE2022\/team-avenir\/","title":{"rendered":"Team Avenir"},"content":{"rendered":"\n<p>Apr\u00e8s une magnifique saison 2022 et un titre de champion de France pour l&rsquo;\u00e9quipe Avenir du Club de BMX de Dardilly, il est temps de remettre en jeu notre titre pour la saison 2023.<\/p>\n\n\n\n<p class=\"has-text-align-left has-large-font-size\"><strong>L&rsquo;\u00e9quipe sera compos\u00e9e de 8 pilotes :<\/strong><\/p>\n\n\n\n<ul class=\"wp-block-list\">\n<li>Arthur Bretin :&nbsp;\n<ul class=\"wp-block-list\">\n<li><strong>4<sup>\u00e8me<\/sup>&nbsp;<\/strong>aux championnats de France<\/li>\n\n\n\n<li><strong>8<sup>\u00e8me<\/sup>&nbsp;<\/strong>aux championnats d\u2019Europe<\/li>\n\n\n\n<li><strong>3<sup>\u00e8me<\/sup>&nbsp;<\/strong>aux championnats du Monde<\/li>\n<\/ul>\n<\/li>\n<\/ul>\n\n\n\n<ul class=\"wp-block-list\">\n<li>Valentin Meunier :&nbsp;<strong>3<sup>\u00e8me<\/sup><\/strong>&nbsp;Championnats de France&nbsp;; Cadet<\/li>\n<\/ul>\n\n\n\n<ul class=\"wp-block-list\">\n<li>Liam Ferrier :&nbsp;<strong>5<sup>\u00e8me<\/sup><\/strong>&nbsp;classement Coupe de France&nbsp;; Cadet<\/li>\n<\/ul>\n\n\n\n<ul class=\"wp-block-list\">\n<li>L\u00e9o Orjas :&nbsp;<strong>50<sup>\u00e8me<\/sup><\/strong>&nbsp;classement Coupe de France&nbsp;; Cadet<\/li>\n<\/ul>\n\n\n\n<ul class=\"wp-block-list\">\n<li>Tim\u00e9o Berchoux :&nbsp;<strong>81<sup>\u00e8me<\/sup><\/strong><sup>&nbsp;<\/sup>Classement Coupe de France&nbsp;; Cadet<\/li>\n<\/ul>\n\n\n\n<ul class=\"wp-block-list\">\n<li>L\u00e9andre Bonnet :&nbsp;<strong>20<sup>\u00e8me<\/sup><\/strong>&nbsp;classement g\u00e9n\u00e9ral&nbsp;; Minime<\/li>\n<\/ul>\n\n\n\n<ul class=\"wp-block-list\">\n<li>Nolan Orjas :&nbsp;<strong>50<sup>\u00e8me<\/sup><\/strong>&nbsp;classement g\u00e9n\u00e9ral&nbsp;; Minime<\/li>\n<\/ul>\n\n\n\n<ul class=\"wp-block-list\">\n<li>Yann Ovise :&nbsp;<strong>21<sup>\u00e8me<\/sup><\/strong>&nbsp;classement Coupe de France&nbsp;; Junior<\/li>\n<\/ul>\n\n\n\n<p><\/p>\n\n\n\n<p>Ci-dessous un aper\u00e7u du maillot de notre \u00c9quipe Avenir pour la saison 2023. Merci \u00e9galement \u00e0 AXLR Design pour la cr\u00e9ation. <\/p>\n\n\n<div class=\"wp-block-image\">\n<figure class=\"aligncenter size-full is-resized\"><img loading=\"lazy\" decoding=\"async\" src=\"https:\/\/bmxvttdardilly.com\/SITE2022\/wp-content\/uploads\/2023\/01\/Capture-decran-2023-01-31-a-10.23.41.png\" alt=\"\" class=\"wp-image-868\" width=\"246\" height=\"71\" srcset=\"https:\/\/bmxvttdardilly.com\/SITE2022\/wp-content\/uploads\/2023\/01\/Capture-decran-2023-01-31-a-10.23.41.png 472w, https:\/\/bmxvttdardilly.com\/SITE2022\/wp-content\/uploads\/2023\/01\/Capture-decran-2023-01-31-a-10.23.41-300x86.png 300w\" sizes=\"auto, (max-width: 246px) 100vw, 246px\" \/><\/figure>\n<\/div>\n\n\n<figure class=\"wp-block-image size-large\"><img loading=\"lazy\" decoding=\"async\" width=\"1024\" height=\"413\" src=\"https:\/\/bmxvttdardilly.com\/SITE2022\/wp-content\/uploads\/2023\/01\/Capture-decran-2023-01-31-a-10.32.50-1024x413.png\" alt=\"\" class=\"wp-image-873\" srcset=\"https:\/\/bmxvttdardilly.com\/SITE2022\/wp-content\/uploads\/2023\/01\/Capture-decran-2023-01-31-a-10.32.50-1024x413.png 1024w, https:\/\/bmxvttdardilly.com\/SITE2022\/wp-content\/uploads\/2023\/01\/Capture-decran-2023-01-31-a-10.32.50-300x121.png 300w, https:\/\/bmxvttdardilly.com\/SITE2022\/wp-content\/uploads\/2023\/01\/Capture-decran-2023-01-31-a-10.32.50-768x309.png 768w, https:\/\/bmxvttdardilly.com\/SITE2022\/wp-content\/uploads\/2023\/01\/Capture-decran-2023-01-31-a-10.32.50-1536x619.png 1536w, https:\/\/bmxvttdardilly.com\/SITE2022\/wp-content\/uploads\/2023\/01\/Capture-decran-2023-01-31-a-10.32.50-2048x825.png 2048w, https:\/\/bmxvttdardilly.com\/SITE2022\/wp-content\/uploads\/2023\/01\/Capture-decran-2023-01-31-a-10.32.50-1240x500.png 1240w, https:\/\/bmxvttdardilly.com\/SITE2022\/wp-content\/uploads\/2023\/01\/Capture-decran-2023-01-31-a-10.32.50-508x205.png 508w\" sizes=\"auto, (max-width: 1024px) 100vw, 1024px\" \/><\/figure>\n\n\n\n<p>Nos pilotes auront la chance d&rsquo;\u00eatre \u00e9quip\u00e9 par notre partenaire textile, NOLOGO.<\/p>\n\n\n\n<p>Nous remercions l&rsquo;entreprise pour l&rsquo;ensemble des \u00e9quipements fournis \u00e0 la DN, \u00e0 l&rsquo;\u00c9quipe Avenir et au Team National.<\/p>\n\n\n<div class=\"wp-block-image\">\n<figure class=\"aligncenter size-full is-resized\"><img loading=\"lazy\" decoding=\"async\" src=\"https:\/\/bmxvttdardilly.com\/SITE2022\/wp-content\/uploads\/2023\/01\/NoLogo-Logo-1.png\" alt=\"\" class=\"wp-image-867\" width=\"307\" height=\"115\" srcset=\"https:\/\/bmxvttdardilly.com\/SITE2022\/wp-content\/uploads\/2023\/01\/NoLogo-Logo-1.png 472w, https:\/\/bmxvttdardilly.com\/SITE2022\/wp-content\/uploads\/2023\/01\/NoLogo-Logo-1-300x113.png 300w\" sizes=\"auto, (max-width: 307px) 100vw, 307px\" \/><\/figure>\n<\/div>","protected":false},"excerpt":{"rendered":"<p>Apr\u00e8s une magnifique saison 2022 et un titre de champion de France pour l&rsquo;\u00e9quipe Avenir du Club de BMX de Dardilly, il est temps de remettre en jeu notre titre pour la saison 2023. L&rsquo;\u00e9quipe sera compos\u00e9e de 8 pilotes : Ci-dessous un aper\u00e7u du maillot de notre \u00c9quipe Avenir pour la saison 2023. Merci [&hellip;]<\/p>\n","protected":false},"author":1,"featured_media":0,"parent":0,"menu_order":0,"comment_status":"closed","ping_status":"closed","template":"","meta":{"footnotes":""},"class_list":["post-167","page","type-page","status-publish","hentry"],"_links":{"self":[{"href":"https:\/\/bmxvttdardilly.com\/SITE2022\/wp-json\/wp\/v2\/pages\/167","targetHints":{"allow":["GET"]}}],"collection":[{"href":"https:\/\/bmxvttdardilly.com\/SITE2022\/wp-json\/wp\/v2\/pages"}],"about":[{"href":"https:\/\/bmxvttdardilly.com\/SITE2022\/wp-json\/wp\/v2\/types\/page"}],"author":[{"embeddable":true,"href":"https:\/\/bmxvttdardilly.com\/SITE2022\/wp-json\/wp\/v2\/users\/1"}],"replies":[{"embeddable":true,"href":"https:\/\/bmxvttdardilly.com\/SITE2022\/wp-json\/wp\/v2\/comments?post=167"}],"version-history":[{"count":7,"href":"https:\/\/bmxvttdardilly.com\/SITE2022\/wp-json\/wp\/v2\/pages\/167\/revisions"}],"predecessor-version":[{"id":879,"href":"https:\/\/bmxvttdardilly.com\/SITE2022\/wp-json\/wp\/v2\/pages\/167\/revisions\/879"}],"wp:attachment":[{"href":"https:\/\/bmxvttdardilly.com\/SITE2022\/wp-json\/wp\/v2\/media?parent=167"}],"curies":[{"name":"wp","href":"https:\/\/api.w.org\/{rel}","templated":true}]}}

<p>Après une magnifique saison 2022 et un titre de champion de France pour l&rsquo;équipe Avenir du Club de BMX de Dardilly, il est temps de remettre en jeu notre titre pour la saison 2023.</p>



<p class="has-text-align-left has-large-font-size"><strong>L&rsquo;équipe sera composée de 8 pilotes :</strong></p>



<ul class="wp-block-list">
<li>Arthur Bretin :&nbsp;
<ul class="wp-block-list">
<li><strong>4<sup>ème</sup>&nbsp;</strong>aux championnats de France</li>



<li><strong>8<sup>ème</sup>&nbsp;</strong>aux championnats d’Europe</li>



<li><strong>3<sup>ème</sup>&nbsp;</strong>aux championnats du Monde</li>
</ul>
</li>
</ul>



<ul class="wp-block-list">
<li>Valentin Meunier :&nbsp;<strong>3<sup>ème</sup></strong>&nbsp;Championnats de France&nbsp;; Cadet</li>
</ul>



<ul class="wp-block-list">
<li>Liam Ferrier :&nbsp;<strong>5<sup>ème</sup></strong>&nbsp;classement Coupe de France&nbsp;; Cadet</li>
</ul>



<ul class="wp-block-list">
<li>Léo Orjas :&nbsp;<strong>50<sup>ème</sup></strong>&nbsp;classement Coupe de France&nbsp;; Cadet</li>
</ul>



<ul class="wp-block-list">
<li>Timéo Berchoux :&nbsp;<strong>81<sup>ème</sup></strong><sup>&nbsp;</sup>Classement Coupe de France&nbsp;; Cadet</li>
</ul>



<ul class="wp-block-list">
<li>Léandre Bonnet :&nbsp;<strong>20<sup>ème</sup></strong>&nbsp;classement général&nbsp;; Minime</li>
</ul>



<ul class="wp-block-list">
<li>Nolan Orjas :&nbsp;<strong>50<sup>ème</sup></strong>&nbsp;classement général&nbsp;; Minime</li>
</ul>



<ul class="wp-block-list">
<li>Yann Ovise :&nbsp;<strong>21<sup>ème</sup></strong>&nbsp;classement Coupe de France&nbsp;; Junior</li>
</ul>



<p></p>



<p>Ci-dessous un aperçu du maillot de notre Équipe Avenir pour la saison 2023. Merci également à AXLR Design pour la création. </p>


<div class="wp-block-image">
<figure class="aligncenter size-full is-resized"><img loading="lazy" decoding="async" src="https://bmxvttdardilly.com/SITE2022/wp-content/uploads/2023/01/Capture-decran-2023-01-31-a-10.23.41.png" alt="" class="wp-image-868" width="246" height="71" srcset="https://bmxvttdardilly.com/SITE2022/wp-content/uploads/2023/01/Capture-decran-2023-01-31-a-10.23.41.png 472w, https://bmxvttdardilly.com/SITE2022/wp-content/uploads/2023/01/Capture-decran-2023-01-31-a-10.23.41-300x86.png 300w" sizes="auto, (max-width: 246px) 100vw, 246px" /></figure>
</div>


<figure class="wp-block-image size-large"><img loading="lazy" decoding="async" width="1024" height="413" src="https://bmxvttdardilly.com/SITE2022/wp-content/uploads/2023/01/Capture-decran-2023-01-31-a-10.32.50-1024x413.png" alt="" class="wp-image-873" srcset="https://bmxvttdardilly.com/SITE2022/wp-content/uploads/2023/01/Capture-decran-2023-01-31-a-10.32.50-1024x413.png 1024w, https://bmxvttdardilly.com/SITE2022/wp-content/uploads/2023/01/Capture-decran-2023-01-31-a-10.32.50-300x121.png 300w, https://bmxvttdardilly.com/SITE2022/wp-content/uploads/2023/01/Capture-decran-2023-01-31-a-10.32.50-768x309.png 768w, https://bmxvttdardilly.com/SITE2022/wp-content/uploads/2023/01/Capture-decran-2023-01-31-a-10.32.50-1536x619.png 1536w, https://bmxvttdardilly.com/SITE2022/wp-content/uploads/2023/01/Capture-decran-2023-01-31-a-10.32.50-2048x825.png 2048w, https://bmxvttdardilly.com/SITE2022/wp-content/uploads/2023/01/Capture-decran-2023-01-31-a-10.32.50-1240x500.png 1240w, https://bmxvttdardilly.com/SITE2022/wp-content/uploads/2023/01/Capture-decran-2023-01-31-a-10.32.50-508x205.png 508w" sizes="auto, (max-width: 1024px) 100vw, 1024px" /></figure>



<p>Nos pilotes auront la chance d&rsquo;être équipé par notre partenaire textile, NOLOGO.</p>



<p>Nous remercions l&rsquo;entreprise pour l&rsquo;ensemble des équipements fournis à la DN, à l&rsquo;Équipe Avenir et au Team National.</p>


<div class="wp-block-image">
<figure class="aligncenter size-full is-resized"><img loading="lazy" decoding="async" src="https://bmxvttdardilly.com/SITE2022/wp-content/uploads/2023/01/NoLogo-Logo-1.png" alt="" class="wp-image-867" width="307" height="115" srcset="https://bmxvttdardilly.com/SITE2022/wp-content/uploads/2023/01/NoLogo-Logo-1.png 472w, https://bmxvttdardilly.com/SITE2022/wp-content/uploads/2023/01/NoLogo-Logo-1-300x113.png 300w" sizes="auto, (max-width: 307px) 100vw, 307px" /></figure>
</div>

<p>Après une magnifique saison 2022 et un titre de champion de France pour l&rsquo;équipe Avenir du Club de BMX de Dardilly, il est temps de remettre en jeu notre titre pour la saison 2023. L&rsquo;équipe sera composée de 8 pilotes : Ci-dessous un aperçu du maillot de notre Équipe Avenir pour la saison 2023. Merci [&hellip;]</p>
