{"id":169,"date":"2022-03-10T16:17:39","date_gmt":"2022-03-10T16:17:39","guid":{"rendered":"http:\/\/www.bmxvttdardilly.com\/SITE2022\/?page_id=169"},"modified":"2023-01-31T09:42:00","modified_gmt":"2023-01-31T09:42:00","slug":"pilotes-nationaux","status":"publish","type":"page","link":"https:\/\/bmxvttdardilly.com\/SITE2022\/pilotes-nationaux\/","title":{"rendered":"Pilotes Nationaux"},"content":{"rendered":"\n<p>Le club de Dardilly a une politique d&rsquo;accompagnement de ses sportifs et notamment des sportifs issus des cat\u00e9gories Challenge Nationale. <\/p>\n\n\n\n<p>Cet accompagnement est possible gr\u00e2ce \u00e0 notre partenaire Serfim qui investi dans le club pour permettre \u00e0 l&rsquo;ensemble des pilotes non-inscrits dans nos \u00e9quipes nationales de venir sur les comp\u00e9titions nationales en finan\u00e7ant l&rsquo;ensemble des engagements en comp\u00e9tition pour ces derniers qui sont au nombres de 14.<\/p>\n\n\n<div class=\"wp-block-image\">\n<figure class=\"aligncenter size-large is-resized\"><img loading=\"lazy\" decoding=\"async\" src=\"https:\/\/bmxvttdardilly.com\/SITE2022\/wp-content\/uploads\/2023\/01\/cropped-2020_SERFIM-T.I.C._QUADRI_JPEG-1024x705.jpg\" alt=\"\" class=\"wp-image-861\" width=\"254\" height=\"175\" srcset=\"https:\/\/bmxvttdardilly.com\/SITE2022\/wp-content\/uploads\/2023\/01\/cropped-2020_SERFIM-T.I.C._QUADRI_JPEG-1024x705.jpg 1024w, https:\/\/bmxvttdardilly.com\/SITE2022\/wp-content\/uploads\/2023\/01\/cropped-2020_SERFIM-T.I.C._QUADRI_JPEG-300x207.jpg 300w, https:\/\/bmxvttdardilly.com\/SITE2022\/wp-content\/uploads\/2023\/01\/cropped-2020_SERFIM-T.I.C._QUADRI_JPEG-768x529.jpg 768w, https:\/\/bmxvttdardilly.com\/SITE2022\/wp-content\/uploads\/2023\/01\/cropped-2020_SERFIM-T.I.C._QUADRI_JPEG-1536x1058.jpg 1536w, https:\/\/bmxvttdardilly.com\/SITE2022\/wp-content\/uploads\/2023\/01\/cropped-2020_SERFIM-T.I.C._QUADRI_JPEG-1240x854.jpg 1240w, https:\/\/bmxvttdardilly.com\/SITE2022\/wp-content\/uploads\/2023\/01\/cropped-2020_SERFIM-T.I.C._QUADRI_JPEG-508x350.jpg 508w, https:\/\/bmxvttdardilly.com\/SITE2022\/wp-content\/uploads\/2023\/01\/cropped-2020_SERFIM-T.I.C._QUADRI_JPEG.jpg 1802w\" sizes=\"auto, (max-width: 254px) 100vw, 254px\" \/><\/figure>\n<\/div>\n\n\n<p class=\"has-large-font-size\"><strong>Voici les membres de notre Team National :<\/strong><\/p>\n\n\n\n<ul class=\"wp-block-list\">\n<li>Johnna Bartassot : Minime<\/li>\n\n\n\n<li>Manon Lechaigne : Minime Fille<\/li>\n\n\n\n<li>Yann Thizy&nbsp;: Cadet<\/li>\n\n\n\n<li>Antoine Rius : 17\/24 ans<\/li>\n\n\n\n<li>Cl\u00e9ment Bourgeay : 17\/24 ans&nbsp;<\/li>\n\n\n\n<li>Erwan Chal : 17\/24 ans<\/li>\n\n\n\n<li>Hugo De Flue : 17\/24 ans<\/li>\n\n\n\n<li>Hugo Thizy : 17\/24 ans<\/li>\n\n\n\n<li>Hugo Girault : 17\/24 ans<\/li>\n\n\n\n<li>Julien Mounier 17\/24 ans<\/li>\n\n\n\n<li>Nolan Coudray : 17\/24 ans<\/li>\n\n\n\n<li>Yann Chaffiotte : 17\/24 ans<\/li>\n\n\n\n<li>Alex Saulnier : 25\/29 ans<\/li>\n\n\n\n<li>Cl\u00e9ment Vivier : 25\/29 ans<\/li>\n<\/ul>\n\n\n\n<p><\/p>\n\n\n\n<p>Ci-dessous un aper\u00e7u du maillot de notre Team National pour la saison 2023. Merci \u00e9galement \u00e0 AXLR Design pour la cr\u00e9ation.<\/p>\n\n\n<div class=\"wp-block-image\">\n<figure class=\"aligncenter size-full is-resized\"><img loading=\"lazy\" decoding=\"async\" src=\"https:\/\/bmxvttdardilly.com\/SITE2022\/wp-content\/uploads\/2023\/01\/Capture-decran-2023-01-31-a-10.23.41.png\" alt=\"\" class=\"wp-image-868\" width=\"246\" height=\"71\" srcset=\"https:\/\/bmxvttdardilly.com\/SITE2022\/wp-content\/uploads\/2023\/01\/Capture-decran-2023-01-31-a-10.23.41.png 472w, https:\/\/bmxvttdardilly.com\/SITE2022\/wp-content\/uploads\/2023\/01\/Capture-decran-2023-01-31-a-10.23.41-300x86.png 300w\" sizes=\"auto, (max-width: 246px) 100vw, 246px\" \/><\/figure>\n<\/div>\n\n\n<figure class=\"wp-block-image size-large\"><img loading=\"lazy\" decoding=\"async\" width=\"1024\" height=\"413\" src=\"https:\/\/bmxvttdardilly.com\/SITE2022\/wp-content\/uploads\/2023\/01\/Capture-decran-2023-01-31-a-10.41.00-1024x413.png\" alt=\"\" class=\"wp-image-881\" srcset=\"https:\/\/bmxvttdardilly.com\/SITE2022\/wp-content\/uploads\/2023\/01\/Capture-decran-2023-01-31-a-10.41.00-1024x413.png 1024w, https:\/\/bmxvttdardilly.com\/SITE2022\/wp-content\/uploads\/2023\/01\/Capture-decran-2023-01-31-a-10.41.00-300x121.png 300w, https:\/\/bmxvttdardilly.com\/SITE2022\/wp-content\/uploads\/2023\/01\/Capture-decran-2023-01-31-a-10.41.00-768x309.png 768w, https:\/\/bmxvttdardilly.com\/SITE2022\/wp-content\/uploads\/2023\/01\/Capture-decran-2023-01-31-a-10.41.00-1536x619.png 1536w, https:\/\/bmxvttdardilly.com\/SITE2022\/wp-content\/uploads\/2023\/01\/Capture-decran-2023-01-31-a-10.41.00-2048x825.png 2048w, https:\/\/bmxvttdardilly.com\/SITE2022\/wp-content\/uploads\/2023\/01\/Capture-decran-2023-01-31-a-10.41.00-1240x500.png 1240w, https:\/\/bmxvttdardilly.com\/SITE2022\/wp-content\/uploads\/2023\/01\/Capture-decran-2023-01-31-a-10.41.00-508x205.png 508w\" sizes=\"auto, (max-width: 1024px) 100vw, 1024px\" \/><\/figure>\n\n\n\n<p>Nos pilotes auront la chance d&rsquo;\u00eatre \u00e9quip\u00e9 par notre partenaire textile, NOLOGO. Nous remercions l&rsquo;entreprise pour l&rsquo;ensemble des \u00e9quipements fournis \u00e0 la DN, \u00e0 l&rsquo;\u00c9quipe Avenir et au Team National.<\/p>\n\n\n<div class=\"wp-block-image\">\n<figure class=\"aligncenter size-full is-resized\"><img loading=\"lazy\" decoding=\"async\" src=\"https:\/\/bmxvttdardilly.com\/SITE2022\/wp-content\/uploads\/2023\/01\/NoLogo-Logo-1.png\" alt=\"\" class=\"wp-image-867\" width=\"307\" height=\"115\" srcset=\"https:\/\/bmxvttdardilly.com\/SITE2022\/wp-content\/uploads\/2023\/01\/NoLogo-Logo-1.png 472w, https:\/\/bmxvttdardilly.com\/SITE2022\/wp-content\/uploads\/2023\/01\/NoLogo-Logo-1-300x113.png 300w\" sizes=\"auto, (max-width: 307px) 100vw, 307px\" \/><\/figure>\n<\/div>","protected":false},"excerpt":{"rendered":"<p>Le club de Dardilly a une politique d&rsquo;accompagnement de ses sportifs et notamment des sportifs issus des cat\u00e9gories Challenge Nationale. Cet accompagnement est possible gr\u00e2ce \u00e0 notre partenaire Serfim qui investi dans le club pour permettre \u00e0 l&rsquo;ensemble des pilotes non-inscrits dans nos \u00e9quipes nationales de venir sur les comp\u00e9titions nationales en finan\u00e7ant l&rsquo;ensemble des [&hellip;]<\/p>\n","protected":false},"author":1,"featured_media":0,"parent":0,"menu_order":0,"comment_status":"closed","ping_status":"closed","template":"","meta":{"footnotes":""},"class_list":["post-169","page","type-page","status-publish","hentry"],"_links":{"self":[{"href":"https:\/\/bmxvttdardilly.com\/SITE2022\/wp-json\/wp\/v2\/pages\/169","targetHints":{"allow":["GET"]}}],"collection":[{"href":"https:\/\/bmxvttdardilly.com\/SITE2022\/wp-json\/wp\/v2\/pages"}],"about":[{"href":"https:\/\/bmxvttdardilly.com\/SITE2022\/wp-json\/wp\/v2\/types\/page"}],"author":[{"embeddable":true,"href":"https:\/\/bmxvttdardilly.com\/SITE2022\/wp-json\/wp\/v2\/users\/1"}],"replies":[{"embeddable":true,"href":"https:\/\/bmxvttdardilly.com\/SITE2022\/wp-json\/wp\/v2\/comments?post=169"}],"version-history":[{"count":7,"href":"https:\/\/bmxvttdardilly.com\/SITE2022\/wp-json\/wp\/v2\/pages\/169\/revisions"}],"predecessor-version":[{"id":883,"href":"https:\/\/bmxvttdardilly.com\/SITE2022\/wp-json\/wp\/v2\/pages\/169\/revisions\/883"}],"wp:attachment":[{"href":"https:\/\/bmxvttdardilly.com\/SITE2022\/wp-json\/wp\/v2\/media?parent=169"}],"curies":[{"name":"wp","href":"https:\/\/api.w.org\/{rel}","templated":true}]}}

<p>Le club de Dardilly a une politique d&rsquo;accompagnement de ses sportifs et notamment des sportifs issus des catégories Challenge Nationale. </p>



<p>Cet accompagnement est possible grâce à notre partenaire Serfim qui investi dans le club pour permettre à l&rsquo;ensemble des pilotes non-inscrits dans nos équipes nationales de venir sur les compétitions nationales en finançant l&rsquo;ensemble des engagements en compétition pour ces derniers qui sont au nombres de 14.</p>


<div class="wp-block-image">
<figure class="aligncenter size-large is-resized"><img loading="lazy" decoding="async" src="https://bmxvttdardilly.com/SITE2022/wp-content/uploads/2023/01/cropped-2020_SERFIM-T.I.C._QUADRI_JPEG-1024x705.jpg" alt="" class="wp-image-861" width="254" height="175" srcset="https://bmxvttdardilly.com/SITE2022/wp-content/uploads/2023/01/cropped-2020_SERFIM-T.I.C._QUADRI_JPEG-1024x705.jpg 1024w, https://bmxvttdardilly.com/SITE2022/wp-content/uploads/2023/01/cropped-2020_SERFIM-T.I.C._QUADRI_JPEG-300x207.jpg 300w, https://bmxvttdardilly.com/SITE2022/wp-content/uploads/2023/01/cropped-2020_SERFIM-T.I.C._QUADRI_JPEG-768x529.jpg 768w, https://bmxvttdardilly.com/SITE2022/wp-content/uploads/2023/01/cropped-2020_SERFIM-T.I.C._QUADRI_JPEG-1536x1058.jpg 1536w, https://bmxvttdardilly.com/SITE2022/wp-content/uploads/2023/01/cropped-2020_SERFIM-T.I.C._QUADRI_JPEG-1240x854.jpg 1240w, https://bmxvttdardilly.com/SITE2022/wp-content/uploads/2023/01/cropped-2020_SERFIM-T.I.C._QUADRI_JPEG-508x350.jpg 508w, https://bmxvttdardilly.com/SITE2022/wp-content/uploads/2023/01/cropped-2020_SERFIM-T.I.C._QUADRI_JPEG.jpg 1802w" sizes="auto, (max-width: 254px) 100vw, 254px" /></figure>
</div>


<p class="has-large-font-size"><strong>Voici les membres de notre Team National :</strong></p>



<ul class="wp-block-list">
<li>Johnna Bartassot : Minime</li>



<li>Manon Lechaigne : Minime Fille</li>



<li>Yann Thizy&nbsp;: Cadet</li>



<li>Antoine Rius : 17/24 ans</li>



<li>Clément Bourgeay : 17/24 ans&nbsp;</li>



<li>Erwan Chal : 17/24 ans</li>



<li>Hugo De Flue : 17/24 ans</li>



<li>Hugo Thizy : 17/24 ans</li>



<li>Hugo Girault : 17/24 ans</li>



<li>Julien Mounier 17/24 ans</li>



<li>Nolan Coudray : 17/24 ans</li>



<li>Yann Chaffiotte : 17/24 ans</li>



<li>Alex Saulnier : 25/29 ans</li>



<li>Clément Vivier : 25/29 ans</li>
</ul>



<p></p>



<p>Ci-dessous un aperçu du maillot de notre Team National pour la saison 2023. Merci également à AXLR Design pour la création.</p>


<div class="wp-block-image">
<figure class="aligncenter size-full is-resized"><img loading="lazy" decoding="async" src="https://bmxvttdardilly.com/SITE2022/wp-content/uploads/2023/01/Capture-decran-2023-01-31-a-10.23.41.png" alt="" class="wp-image-868" width="246" height="71" srcset="https://bmxvttdardilly.com/SITE2022/wp-content/uploads/2023/01/Capture-decran-2023-01-31-a-10.23.41.png 472w, https://bmxvttdardilly.com/SITE2022/wp-content/uploads/2023/01/Capture-decran-2023-01-31-a-10.23.41-300x86.png 300w" sizes="auto, (max-width: 246px) 100vw, 246px" /></figure>
</div>


<figure class="wp-block-image size-large"><img loading="lazy" decoding="async" width="1024" height="413" src="https://bmxvttdardilly.com/SITE2022/wp-content/uploads/2023/01/Capture-decran-2023-01-31-a-10.41.00-1024x413.png" alt="" class="wp-image-881" srcset="https://bmxvttdardilly.com/SITE2022/wp-content/uploads/2023/01/Capture-decran-2023-01-31-a-10.41.00-1024x413.png 1024w, https://bmxvttdardilly.com/SITE2022/wp-content/uploads/2023/01/Capture-decran-2023-01-31-a-10.41.00-300x121.png 300w, https://bmxvttdardilly.com/SITE2022/wp-content/uploads/2023/01/Capture-decran-2023-01-31-a-10.41.00-768x309.png 768w, https://bmxvttdardilly.com/SITE2022/wp-content/uploads/2023/01/Capture-decran-2023-01-31-a-10.41.00-1536x619.png 1536w, https://bmxvttdardilly.com/SITE2022/wp-content/uploads/2023/01/Capture-decran-2023-01-31-a-10.41.00-2048x825.png 2048w, https://bmxvttdardilly.com/SITE2022/wp-content/uploads/2023/01/Capture-decran-2023-01-31-a-10.41.00-1240x500.png 1240w, https://bmxvttdardilly.com/SITE2022/wp-content/uploads/2023/01/Capture-decran-2023-01-31-a-10.41.00-508x205.png 508w" sizes="auto, (max-width: 1024px) 100vw, 1024px" /></figure>



<p>Nos pilotes auront la chance d&rsquo;être équipé par notre partenaire textile, NOLOGO. Nous remercions l&rsquo;entreprise pour l&rsquo;ensemble des équipements fournis à la DN, à l&rsquo;Équipe Avenir et au Team National.</p>


<div class="wp-block-image">
<figure class="aligncenter size-full is-resized"><img loading="lazy" decoding="async" src="https://bmxvttdardilly.com/SITE2022/wp-content/uploads/2023/01/NoLogo-Logo-1.png" alt="" class="wp-image-867" width="307" height="115" srcset="https://bmxvttdardilly.com/SITE2022/wp-content/uploads/2023/01/NoLogo-Logo-1.png 472w, https://bmxvttdardilly.com/SITE2022/wp-content/uploads/2023/01/NoLogo-Logo-1-300x113.png 300w" sizes="auto, (max-width: 307px) 100vw, 307px" /></figure>
</div>

<p>Le club de Dardilly a une politique d&rsquo;accompagnement de ses sportifs et notamment des sportifs issus des catégories Challenge Nationale. Cet accompagnement est possible grâce à notre partenaire Serfim qui investi dans le club pour permettre à l&rsquo;ensemble des pilotes non-inscrits dans nos équipes nationales de venir sur les compétitions nationales en finançant l&rsquo;ensemble des [&hellip;]</p>
